a + 3. Let i(n) = -13*q(n) - 6*x(n). Determine i(6).
9
Let m(g) = g**3 - g**2 + g + 9. Let y = 168 + -168. Give m(y).
9
Let u = 1 - -3. Let j(g) = -5 - 2 - g + u. What is j(-2)?
-1
Let r(c) = 147 - 288 + 139 - 4*c**2 + 3*c. Determine r(2).
-12
Let a(l) = 2*l**3 - 4*l**2 - 6*l + 2. Let s be a(3). Let k(o) = -o**3 + 2*o**2 + 3*o - 1. Give k(s).
5
Let h(a) be the third derivative of a**4/24 + a**3/6 - 3*a**2 + 30. Calculate h(2).
3
Let f(p) = 7*p**3 - 5*p**2 + 2*p - 4. Let y(a) = -20*a**3 + 14*a**2 - 6*a + 11. Suppose -6*q + 12*q = 18. Let n(z) = q*y(z) + 8*f(z). Determine n(1).
-3
Let l(d) = -11 + 29 + 25*d**2 - 18. Give l(1).
25
Let q be 7*2/6 + 30/(-90). Let t(v) = v**2 + 3*v - v**3 - v + 1 + 2*v**q + 4. Determine t(4).
-3
Let l(d) = -d + 1. Let b = 38 - 38. What is l(b)?
1
Let h(c) be the second derivative of 7*c**3/3 + c**2 + 5*c + 8. Calculate h(-3).
-40
Let x be (66/(-10) - -7) + (-2)/5. Let j = -1 - -1. Suppose x*t + 5*t = j. Let n(k) = -k**2 - k - 3. Determine n(t).
-3
Let a(j) = j**2 + 12*j + 8. Let c be ((-6)/(-4) - (-1)/2)/2. Suppose 17 = -2*l - c. Calculate a(l).
-19
Let c(k) = 5*k + 5. Let j(b) = b. Let i(v) = c(v) - 6*j(v). Let m(u) = 1 - 1 - 8 - 2*u. Let x be m(-7). Determine i(x).
-1
Let h(n) = -8*n + 1. Let v(d) = -25*d + 2. Let g(j) = -7*h(j) + 2*v(j). Suppose 3*f - 2*f - 2*o = 11, 5*f + 5*o = 115. Let a = f + -17. Give g(a).
9
Let m be (-1)/(15/35) - 8/(-24). Let b(t) = 10*t**2 + 2*t + 2. Calculate b(m).
38
Let w(a) = -a**2 - 26*a**3 - 45*a**3 - 4 + a + 0*a + 72*a**3. Determine w(3).
17
Let m(i) = 4 + 0 - 9*i + 24*i - 6 - 1. Give m(-3).
-48
Let j = 9 + -7. Let r(d) = 0*d**j - 3*d + 5*d**2 + d**2 - 4*d**2 - 5. Determine r(4).
15
Let t(w) = -3*w + 1. Let q be 170/6 + 34/51. Let i = -30 + q. Give t(i).
4
Let z(b) = -4*b + 1. Let r = 30 + -26. Calculate z(r).
-15
Let f(w) = -w**3 + 7*w**2 + w + 7. Let n be f(7). Let u = n + -20. Let i(b) = -b**3 - 7*b**2 - 5*b + 2. Calculate i(u).
-4
Let h = 16 - 13. Let v(r) = -3*r + 2. Let c(t) = 9*t - 5. Let z(k) = 4*c(k) + 11*v(k). Determine z(h).
11
Let k(n) = -2 + 9*n**2 - 13*n**2 + 3 + 3*n**2. Suppose 4*s - 7 - 1 = 0. Let m be 1 - 4 - (-5 + s). What is k(m)?
1
Suppose 30*s + 83 = 233. Let m(q) be the third derivative of -q**6/120 + q**5/12 + q**4/24 - q**3 - 2*q**2. Calculate m(s).
-1
Let l(h) = h**3 - 5*h**2 + 5*h + 1. Let g = 511 - 507. Determine l(g).
5
Let h(z) be the second derivative of 0 + 2/3*z**4 - 1/20*z**5 + 45*z + z**2 - 1/3*z**3. Calculate h(8).
-14
Let s(u) = -u**3 - 6*u**2 - 5*u - 7. Let t(c) = -c**3 - 9*c**2 + 3*c + 22. Let i be t(-9). What is s(i)?
-7
Let z(r) be the third derivative of -r**5/60 - 7*r**4/12 + 23*r**3/6 - 4*r**2 - 16. Calculate z(-16).
-9
Suppose -20 = 5*y, 5*y + 2 + 8 = -2*v. Let d(p) = v + p**2 + 5*p - 11 + 0*p**2. What is d(-5)?
-6
Let x(k) = -5*k + k - k**3 + 2*k**2 - 6*k**2 - 2*k**2 - 1. Let a(s) = -s**3 + 4*s**2 + 2*s + 10. Let z be a(5). What is x(z)?
-6
Let w(t) = t + 15. Let g(f) = 39*f - 556. Let v be g(14). What is w(v)?
5
Let o(h) = 19 - 39*h**2 + 9*h**2 - 4*h + 13*h**2 + 16*h**2. Give o(3).
-2
Let i(l) = -80*l**2 + 20*l - 23. Let w(r) = -37*r**2 + 10*r - 12. Let h(k) = 6*i(k) - 13*w(k). Calculate h(6).
-6
Let i(u) = 2*u**3 - 12*u + 3 + 2*u**3 - 3*u**3 - 11*u - 3*u**2 + 20*u. Let d be (-13)/(-4) - 1/4. Suppose -5*c = d*n - 8, 5*c - 2*c - n = 16. Calculate i(c).
7
Let s = -2 + 3. Let q = s - 1. Let l(x) = -3*x**3 - 2*x**2 + x - 1. Let b(n) = 16*n**3 + 11*n**2 - 4*n + 3. Let f(o) = b(o) + 5*l(o). Calculate f(q).
-2
Let f(j) = -j**3 + 3*j**2 + 4*j + 1. Let y(r) = -2*r - 3. Let k be y(-6). Let p be 10/2*(-15)/(-25). Suppose -p*a = -k*a + 24. Calculate f(a).
1
Let q(i) = -5*i**2 - i**3 - 2*i**2 + 6 - 3*i**2 + 10*i**2. Calculate q(3).
-21
Let o(h) be the first derivative of -1 - 12*h - 1/2*h**2. Suppose u + 2*v = -11, 3*v + 33 = -4*u + 4. What is o(u)?
-7
Let o(w) = 6*w - 1. Let d(n) = -7*n + 1. Let g(i) = -5*d(i) - 6*o(i). Let h be (-102)/17*1/(-2). Suppose h*b - 21 = -18. Calculate g(b).
0
Let w(u) be the second derivative of -u**4/8 + u**3/6 - 2*u**2 - 4*u. Let s(n) be the first derivative of w(n). Suppose 2 = -2*f - 4. Give s(f).
10
Let k(l) = 9*l + 16 - 13*l + 5*l. What is k(-13)?
3
Let n(a) = -2 - 2*a - 2 + a. Suppose -2*l = 4*t - 24, 38 = 4*l - t - t. Let f be (-7 - -6)/(2/l). Give n(f).
1
Let r(g) be the second derivative of -g**5/20 - 5*g**4/6 + 2*g**3 + 7*g**2 - 26*g. Determine r(-11).
3
Suppose -2*t - 10 = -5*m, m = -t + 40 - 45. Let f(i) = -i**2 - 5*i. Calculate f(t).
0
Suppose -4*m = d + 2, 0*d - 3*d + 9 = -3*m. Let a(r) = -r + 16. Let u(k) = -k + 1. Let p(o) = m*a(o) + 3*u(o). Determine p(-9).
5
Let r(g) = g**3 + g**2 + g + 1. Suppose 2*q - 7*q = -15. Suppose -2*l = q*l. Suppose 3*a + 3 = -l*a. Give r(a).
0
Let b(i) be the second derivative of -i**4/12 - i**3/6 - 3*i**2/2 - 4*i + 1. What is b(0)?
-3
Let k = 461 + -466. Let d(f) = -3*f - f**2 - 3 - 4*f + f + f. Calculate d(k).
-3
Let h(f) = -f**2 + 4*f + 1. Let d(i) = i**3 + 8*i**2 - i - 8. Let g be d(-8). Suppose 3*q - 8 - 4 = g. What is h(q)?
1
Let n(m) = 5 + 27*m + 33*m - 123*m + 35*m + 27*m. Let a be ((-1)/(-2))/((-2)/28). Calculate n(a).
12
Suppose 120*t - 10 = 115*t. Let h(l) = l**3 - 3*l**2 + 3*l - 1. Give h(t).
1
Let b(t) = -5*t**2 + 14*t - 15. Let n(j) = -3*j**2 + 9*j - 10. Let q(x) = 5*b(x) - 8*n(x). Suppose 6*f - 3 = -39. Let d be (-16)/f*18/(-12). Give q(d).
-3
Let r(v) = v**2 + 2*v + 61. Let z(w) = 4*w**2 + 9*w + 250. Let o(y) = -9*r(y) + 2*z(y). Determine o(0).
-49
Suppose -w = -2*w + 4. Let f(v) = 7*v**2 - 5. Let a(i) = 21*i**2 - 14. Let l(q) = w*a(q) - 11*f(q). Determine l(1).
6
Let o(g) = 2*g - 2. Let t(n) = 3*n - 3. Let s(k) = 5*o(k) - 3*t(k). Let u(y) = -y - 274 + 540 - 262. Let l(p) = 2*s(p) + u(p). Calculate l(2).
4
Let t(i) be the first derivative of i**2 - 2*i**2 + i + 4*i**2 - 7. Let m = -14 + 13. What is t(m)?
-5
Let b(f) be the second derivative of f**5/4 + 15*f. Let o(d) be the third derivative of -d**4/24 - 3*d**2. Let p be o(1). Determine b(p).
-5
Suppose 4*j + 126 = -3*j. Let c be (8/(-12))/(4/j). Let o(i) = -i**3 + 2*i**2 + i. Calculate o(c).
-6
Let j(v) be the second derivative of 7*v**3/3 + 11*v**2/2 - 3*v. Let z(f) = 5*f + 4. Let g(s) = 4*j(s) - 11*z(s). Suppose 21 = 3*c + 9. Calculate g(c).
4
Let n(g) = -g**2 - 3*g - 3. Suppose -w = -4*o + 20, -3*w + 5*o + 8 = 10*o. What is n(w)?
-7
Let v(b) be the first derivative of -b**2 + 7*b - 31. Let o(z) = -z - 1. Let q(a) = -o(a) + v(a). Calculate q(6).
2
Let w(h) be the third derivative of h**4/24 + 11*h**3/6 + 9*h**2 + h. Calculate w(-5).
6
Suppose -960*d + 951*d = 27. Let i(a) = -a**3 - 3*a**2 + 3*a + 7. Give i(d).
-2
Let r(s) = -2*s - 9. Let a be (-56)/(-6) - 8/6. Let t = a - 14. Give r(t).
3
Let i(o) be the third derivative of -o**6/120 + o**5/60 - 6*o**2 + 8*o. Give i(0).
0
Let x(k) = 2*k**2 + 21*k - 28*k + 1 + 13*k. Give x(-4).
9
Let q(d) = 2*d. Let i = 33 + -31. Suppose 5*y = -2*c + 8, 3*y + 6 + 2 = i*c. Suppose -5*m = 3*l - 21, l = m + c*l - 9. Calculate q(m).
6
Let u(l) = -4*l - 2. Let q(c) = 7*c + 3. Let g(v) = 3*q(v) + 5*u(v). Let j be -3 + 10/(6/(-3)). Let p be (-80)/(-44) - j/44. What is g(p)?
1
Let k(x) = x**3 + 7*x**2 + 7*x - 3. Let g = 20 - 30. Let d = -10 - g. Suppose -5*z + z - 24 = d. Calculate k(z).
-9
Let a(n) = 3 - 7 - n**3 + 33*n + 3 - 3*n**2 - 35*n. Let u be 3/(-2) + 1/(-2). Give a(u).
-1
Let w(q) = 3*q + 8*q - 850*q**2 + 0*q + 849*q**2 - 2 - 4. Give w(7).
22
Let u(r) be the third derivative of r**5/60 + r**4/24 + 7*r**3/6 - 9*r**2. Calculate u(0).
7
Suppose -3*p - 2*p + 145 = 0. Let l(z) = -p + 15 - z + 16. Calculate l(-5).
7
Let h = -1 + 2. Let p(q) be the first derivative of -q**6/120 + 5*q**2/2 + 7. Let f(j) be the second derivative of p(j). Determine f(h).
-1
Let m(q) be the third derivative of q**6/60 + q**5/60 + q**4/24 + q**2. Let u(t) = 333*t + 2329. Let n be u(-7). Calculate m(n).
-14
Let c(h) = 39*h - 2. Let x = -586 - -588. What is c(x)?
76
Suppose i + 0*i = 4. Suppose i*q - 6 - 2 = -4*x, 0 = 3*q + 12. Let a(v) = 4 + 5*v**2 - x*v - 3*v**2 - v**2. Give a(5).
-1
Suppose -3 + 9 = -2*o. Let b(g) = -138*g**2 + 5*g + 67*g**2 + 6 + 72*g**2 - 4 + 2. Calculate b(o).
-2
Let w = 61 - 6. Let d(g) = -3*g + 0*g**3 + 7*g**2 - g**3 - w + 61. Give d(7).
-15
Let f(w) = 0 + 2*w - 3 - 1. Supp